0)/8)/a - (1 - 567)?
5
What is the hundreds digit of ((-1988965)/957)/(1/(-3))?
2
Let a = 4337 + -4159. What is the hundreds digit of a?
1
Let d be 5559/1 + (3 - 10). Suppose 6*r - d + 1616 = 0. What is the units digit of r?
6
Suppose -227 - 109 = 2*d. Let r = d + 304. What is the hundreds digit of r?
1
Let m(z) = 418*z**2 - 26*z - 72. What is the tens digit of m(-3)?
6
Suppose -16 = -n + 51. Let d = -61 + n. What is the units digit of (-410)/(-35) + (d/(-21))/(-1)?
2
Suppose -i = -580 - 167. Let s = i + -303. Suppose -34*w + s = -28*w. What is the units digit of w?
4
Suppose -11*v + 2011 + 1465 = 0. Suppose -5*j + 4*g + 318 = 0, 4*g = -5*j + 7*g + v. What is the tens digit of j?
6
Let w = 9312 - 6658. What is the thousands digit of w?
2
Let m(j) = 3*j**2 + 13*j. Suppose 10 = -w + 15. Suppose w*h - 2 = -47. What is the tens digit of m(h)?
2
Suppose 0 = -4*p + g + 47673, 4*p - 3*g - 45783 = 1892. Suppose -p = -53*l - 6*l. What is the units digit of l?
2
Let l = 27 + -145. Let u = l + 220. What is the units digit of u?
2
Let z(u) = u**3 - 2*u**2 + 3*u - 12. Let m be z(3). Let v(f) = 62*f + 36. What is the hundreds digit of v(m)?
4
Let r(v) = 6 + 5 - 11*v + 39*v. What is the units digit of r(10)?
1
Let i = 2722 - 2557. Suppose -4*y + 19 = 7, -2*y - 405 = -3*v. Suppose -k + i = v. What is the units digit of k?
8
Let j = 9524 - 3703. What is the thousands digit of j?
5
Let d = -19 - -89. Let v be d/30 - (-1)/(-3). Suppose 2*o + 2*o = -v*i + 392, 3*i - o = 567. What is the hundreds digit of i?
1
Suppose 14*q = 18*q - 528. Let s = -84 + q. What is the units digit of s?
8
Let v = 24260 - 14534. What is the tens digit of v?
2
Suppose -u + 46 = -b, -2*u - 4*b + 64 + 16 = 0. Let y = u - -78. What is the tens digit of y?
2
Let n(b) = -149*b**3 - 13*b**2 + 36. What is the ten thousands digit of n(-5)?
1
Let f(h) = -6*h**3 - 36*h**2 - 32*h + 32. What is the units digit of f(-17)?
0
Let s(f) = 651*f + 71. Let v be s(20). Suppose -20*c = -c - v. What is the units digit of c?
9
Let z(y) = 30*y**2 + 9*y - 8. Let i be z(6). Suppose 5*w = a - 0*a + i, -4*a = 5*w - 1146. What is the units digit of w?
6
Let q = 958 + -680. Suppose -q = 5*l - 73. Let r = 54 + l. What is the tens digit of r?
1
Let n(h) = h**2 - 15*h + 18. Let o be n(14). Let q be 18*4*o/32. Suppose -q*k = -593 - 442. What is the hundreds digit of k?
1
Let m = 12151 - 4980. What is the thousands digit of m?
7
Let z(u) = 1824*u + 80. What is the thousands digit of z(3)?
5
Let i(j) = j**3 + j**2 + 4*j + 7. Let p be i(-5). Let x be (9729/(-2162))/(0 - 6/(-56)). Let a = x - p. What is the units digit of a?
1
Suppose -222*k - l = -229*k + 21379, -6104 = -2*k + l. What is the thousands digit of k?
3
Suppose 3*h - 2*f = 22314, 7*h = -11*f + 8*f + 52020. What is the thousands digit of h?
7
Suppose -19*b = -8*b - 33. Suppose -212 = -t - t - 4*l, -b*l = -t + 81. Suppose -65*x + 66*x = t. What is the units digit of x?
6
Suppose 4*h - 5730 = 2*k, -3225 + 356 = -2*h - 3*k. Let b = h + -888. What is the hundreds digit of b?
5
Let f = -5 - -10. Suppose -f*d + 1146 - 281 = 0. Suppose 2*g = 2*m + d - 43, 5*g = m + 309. What is the tens digit of g?
6
What is the tens digit of (2 - 16860/(-75))/(2/580)?
7
Suppose -4*s = -30 + 18, 5*m + 4*s = 28277. What is the units digit of m?
3
What is the ten thousands digit of ((-192)/60)/((-21102)/63270 - 1/(-3))?
1
Let s(x) = 5*x**2 - 757*x + 774*x - 9 + 59. Suppose -1 - 3 = c. What is the units digit of s(c)?
2
Let s = 375 + -368. Suppose 0 = -s*m + 766 - 66. What is the units digit of m?
0
Let x(a) = 432*a + 101. Let u be x(22). Suppose -3*h = -5*f + 6*f - 1921, -5*f + u = -3*h. What is the tens digit of f?
2
Let c = -60 - -59. What is the units digit of ((-64)/10)/((-52)/50 - c)?
0
Suppose -2*v + 59 = 53. Suppose 2*b + 2*r = 20, 0*b + r = v*b - 34. Suppose -b*y + 192 = -930. What is the tens digit of y?
0
Let x(y) = -2*y**3 - 17*y**2 - 3*y - 2. Let m be x(-12). Let i = m - 483. Suppose -5*l + 2*b = -2*b - i, -5*l + 553 = 2*b. What is the tens digit of l?
1
Let x = -19 - -115. Let c = x - 92. Suppose c*q + 0*q = 488. What is the units digit of q?
2
Suppose -5*n = -10*n + 10, 0 = -2*q + 3*n + 14. Let h(r) = 27*r + 46. What is the units digit of h(q)?
6
Let t = 3596 - 944. What is the hundreds digit of t?
6
Let b = 387 - 890. Let y = b + 859. What is the hundreds digit of y?
3
Suppose 0 = -34*k + 28 + 40. Let c(b) = 6*b**2 - 4*b + 1. What is the tens digit of c(k)?
1
Let x(u) = 87*u**2 - 23*u + 197. What is the tens digit of x(10)?
6
Let c be (-2)/(-3)*(-16)/(192/(-90)). What is the units digit of 3382/4 - c/10?
5
Let n(d) = -11*d + 117. Suppose 2*f + 2*c - 8 = 0, 4*c - 10 - 6 = 0. Let x be n(f). Let v = -113 + x. What is the units digit of v?
4
Let a = 4077 + 202. What is the units digit of a?
9
Let q(r) = r**3 + 52*r**2 - 23*r - 94. Let v be q(-53). Let h = -884 - v. What is the hundreds digit of h?
8
Let u(y) = -y**3 - 9*y**2 + 11*y + 30. Let d be u(-10). Let v = 45 - d. What is the units digit of (v/(-2))/5*-4?
0
Suppose 3*x + 5*h - 501 = 0, 2490*h - 201 = -x + 2494*h. What is the units digit of x?
7
Let w(l) = 536*l**3 - 5*l**2 + 9*l - 23. Let q be w(4). Suppose 0 = 37*f + 8300 - q. What is the tens digit of f?
0
Suppose -2 = 2*l, 6*c + l - 69340 = 5*l. What is the ten thousands digit of c?
1
Let j(k) = 2*k**2 + 5*k + 17. Let d be (-111)/(-9) + (-2)/6. Let r be j(d). What is the tens digit of ((-5)/((-25)/r))/1?
7
Let v(u) = 67*u + 35 + 32*u + 18*u. What is the thousands digit of v(9)?
1
What is the thousands digit of 1963509/217 - (-3)/(-7)?
9
Suppose 7795341 = 352*d - 17816883. What is the ten thousands digit of d?
7
Let o = 53 - 55. Let y(n) = 76*n**2 - 2*n - 4. Let z be y(o). Suppose 6*t - 10*t = -z. What is the tens digit of t?
7
Let i(u) = -2*u**3 - 12*u**2 + 15*u + 7. Let c = 54 - 61. Let a be i(c). Suppose -4*t + 896 = -2*q, t + 0*t - 3*q - 224 = a. What is the units digit of t?
4
Let w(j) = -2*j + 68. Let g be w(28). Let y be (-2 + g/9)/(3/(-3735)). Suppose 0 = -12*z - y + 3254. What is the units digit of z?
2
Let n = 41310 + -20780. What is the hundreds digit of n?
5
Let p be -13 - 1 - (-6 - (5 - 7)). Let h be 1 + (-130)/(-50) + (-4)/p. Suppose 313 = 5*x + h*q - 821, -5*q + 683 = 3*x. What is the tens digit of x?
2
Suppose 3*f = 4*r - 95, -2*f + 23 + 67 = 5*r. Suppose -9*n + r*n - 12386 = 0. What is the units digit of n?
6
Let z(r) = 20*r**3 + r**2 + 21*r - 9. Let d be z(5). Suppose f - c - 644 = -3*c, 4*f - c - d = 0. What is the hundreds digit of f?
6
Suppose -3*k = 2*m - 143970, m - 72006 = -19*k + 21*k. What is the tens digit of m?
9
Let z(j) = j**3 - 2*j**2 - 8*j - 5. Let p be z(4). What is the hundreds digit of (-115 - 0 - (0 + 1))*p?
5
Let i = -854 + 1618. Suppose -95*b = -91*b - i. Suppose z = -5*s + b, -3*z + 3*s - 525 = -6*z. What is the tens digit of z?
7
Let z = -27 + 31. Suppose -1288 = -z*c - s, -4*c + 2*s + 644 = -2*c. Suppose -2*x = 4*y - c, 4*y - 362 + 35 = 3*x. What is the tens digit of y?
8
Let h(j) = -j**3 - 5*j**2 + 2*j + 34. Let c be h(-10). Suppose -4*u = -3*g + g + c, -2*g - 3*u + 507 = 0. What is the units digit of g?
5
Suppose 5*x = -g + 4363, 2*g = 2*x + 11134 - 2360. Suppose 9*o + 4*u - 873 = 8*o, -5*o - 2*u = -g. What is the tens digit of o?
7
Let l be 2 - ((-66)/77)/((-2)/14). Let z(a) be the second derivative of -35*a**3/6 - 6*a**2 - 2*a. What is the units digit of z(l)?
8
Suppose -8*c - 12 = -12*c. Let w(f) = -13*f. Let u be w(c). What is the units digit of 1/(-3) - 2938/u?
5
What is the units digit of 11275/50 - (-18)/4?
0
Suppose -19*a - 3088 = -134944 - 31259. What is the hundreds digit of a?
5
Let r = -238 + 113. Let b = r - -388. What is the units digit of b?
3
Suppose 33*c - 573581 = -426688 + 670253. What is the thousands digit of c?
4
Let h = 3842 + -1209. What is the thousands digit of h?
2
Let w be 12*-12*(-4 + (-102)/(-27)). Suppose -12956 = -w*n + 8228. What is the tens digit of n?
6
Suppose 124*z - 126*z - 1200 = 0. What is the tens digit of (-111550)/z - 1/(-12)?
8
Suppose 1378236 = -59*w - 45*w + 5331900. What is the units digit of w?
6
Suppose -169468 = -4*o + c, -12*o + 9*o - 4*c = -127101. What is the hundreds digit of 15/18 - o/(-78)?
5
Suppose 168*w = 483933 + 445779. What is the hundreds digit of w?
5
Suppose